 List the prime factors of a.
2, 3, 5
Suppose 0 = 2*i - 2, 3*i - 6173 = 4*a - 20062. What are the prime factors of a?
23, 151
Let q(x) = -x**3 - 14*x**2 - 14*x - 1. What are the prime factors of q(-15)?
2, 7, 31
Let l(u) = -u - 3. Let a be l(0). Let v be -5 - (-4 + a/(-3)). Let b(j) = -12*j. List the prime factors of b(v).
2, 3
Let l(x) = 25*x + 16. Let p be l(9). Let h = p - 83. What are the prime factors of h?
2, 79
Let l(q) = -17*q - 12. Let d be l(-5). Let z be (10 + 4)*5/(-2). Let a = d + z. What are the prime factors of a?
2, 19
Suppose -10 - 21 = 5*u - g, -4*g + 22 = -3*u. What are the prime factors of (u/(-4))/(6/924)?
3, 7, 11
Let t be 1206/16 - (-12)/(-32). Suppose 5*r + 270 = 5*v, -8 = -0*v - 2*v. Let n = t + r. List the prime factors of n.
5
Let i = 96 - 91. Suppose i*u - u + 2*a = 242, a + 239 = 4*u. What are the prime factors of u?
2, 3, 5
Suppose -2*k - k + 4*s - 6 = 0, 0 = k - 4*s - 6. Let t be 6/((k/(-135))/1). Suppose 0 = -0*p - 5*p + t. What are the prime factors of p?
3
Suppose -4*b + 3 = -93. What are the prime factors of b + (-7)/(35/(-15))?
3
Suppose 0 = 3*d - 1466 - 2110. List the prime factors of d.
2, 149
Suppose 3*h = -2*d + 7, -d + 1 = -2*d - 3*h. Let o = d + 1. What are the prime factors of o?
3
Suppose 3*y = 5*t + 2567, 0 = -3*y + 3*t + t + 2563. What are the prime factors of y?
3, 283
Let u = 49 + -44. Suppose -i = u*i - 162. What are the prime factors of i?
3
What are the prime factors of 4/(-38) - 111339/(-171)?
3, 7, 31
Suppose -4*g - 5*d - 1264 = 3, d - 637 = 2*g. Let n = -222 - g. List the prime factors of n.
2, 3
What are the prime factors of (-60)/510 - 7/((-238)/95476)?
2, 3, 13
Suppose 0*g - 14 = -g + 4*w, 0 = 5*g + 3*w - 1. Suppose -g*s = 6*s - 64. List the prime factors of s.
2
Let x(z) = 12*z + 10. What are the prime factors of x(8)?
2, 53
Let s(y) = 463*y + 25. What are the prime factors of s(1)?
2, 61
Suppose 129*s - 1776 = 126*s. List the prime factors of s.
2, 37
Let f = -17 - -37. Suppose -3*d - 5*g = f, -5*d - g - 28 = -2*d. Let p = 22 - d. List the prime factors of p.
2
Suppose -17 + 43 = -2*b. Let g = b + 15. Let d = g + 4. What are the prime factors of d?
2, 3
Let m(r) = -2*r + 14. Let a be m(12). Let z = a + 12. Suppose 0*j = -5*j + z*u + 218, -2*j - 3*u + 72 = 0. List the prime factors of j.
2, 3, 7
Let p = 70 + -95. What are the prime factors of 590/p*(4 - 9)?
2, 59
Let r be (10/(-25))/(4/(-160)). Let h be (-3)/12 - 26/(-8). Suppose -7*f = -2*f - 5, p = -h*f + r. What are the prime factors of p?
13
Let w = 13795 - 8907. What are the prime factors of w?
2, 13, 47
Suppose -6*p + 38 = -8*p. Let x(b) = b**2 + 18*b - 19. Let n be x(p). Suppose n = -13*q + 8*q + 220. What are the prime factors of q?
2, 11
Let w = -337 + 623. Suppose -r + w = 65. What are the prime factors of r?
13, 17
Let v(q) be the third derivative of 1/12*q**4 + 0*q + 12*q**2 - 1/60*q**5 + 0 + 23/3*q**3. List the prime factors of v(0).
2, 23
Let k = -15 - -17. Let g(j) = 16*j - 7. What are the prime factors of g(k)?
5
Suppose -15 = -v - 0. Let z be 56/20 - (-3)/v. Suppose -z*k + 61 = 10. List the prime factors of k.
17
Suppose -t = -16 - 18. Suppose -38*a + 156 = -t*a. What are the prime factors of a?
3, 13
Let g(j) = -j**3 - 11*j**2 - 10*j - 10. Let b be g(-10). What are the prime factors of ((-5)/b*-58)/(-1)?
29
Suppose 29416 = 10*q + 4676. List the prime factors of q.
2, 1237
Let u = -427 + 1891. List the prime factors of u.
2, 3, 61
Let w(m) = 3*m**2 - 4. Let s = 45 + -48. What are the prime factors of w(s)?
23
Suppose -4*k + 135 = -13*k. Let b = 13 + k. List the prime factors of (30/(-1))/(b - -1).
2, 3, 5
Suppose -6*u + 1085 = u. Suppose -3*f = -5*a + 123, 5*a + 2*f = -3*f + u. What are the prime factors of a?
3
Let j = 722 + -238. List the prime factors of j.
2, 11
Let i(o) = -40*o - 3. Suppose 16 = 3*k - 11*k. List the prime factors of i(k).
7, 11
Suppose 0 = 2*t + 29 - 39. Suppose 7*b = t*b + 18. List the prime factors of b.
3
Suppose -3*o = -8*a + 3*a - 115, -3*o - 65 = 4*a. Let b = a + 77. List the prime factors of b.
3, 19
Suppose 12 = 2*c + 10, -3*l = -c - 1202. List the prime factors of l.
401
Let l = -192 + 789. What are the prime factors of l?
3, 199
Let o(s) = 19*s**2 - 2*s - 9. What are the prime factors of o(5)?
2, 3, 19
List the prime factors of (-1)/2 - (-9765)/18.
2, 271
Let i = -21 + -63. Let z = 164 + i. What are the prime factors of z?
2, 5
Let c = 349 - 188. What are the prime factors of c?
7, 23
Let r(u) = 201*u - 386. List the prime factors of r(19).
3433
Suppose -6013 = -30*g + 15827. List the prime factors of g.
2, 7, 13
Let o be 632/(-56) - 4/(-14). Let x = 15 + o. Suppose y + y - 81 = -p, 5*y - x*p - 170 = 0. What are the prime factors of y?
2, 19
Suppose 5662 = 7*x + 1112. List the prime factors of x.
2, 5, 13
Suppose -3 = -w - 1. Suppose -g = -4*b - 78, -2*g - w*g = -3*b - 273. List the prime factors of g.
2, 3, 11
Let d(b) be the third derivative of b**5/30 + 3*b**4/8 - 7*b**3/6 - 28*b**2. List the prime factors of d(-9).
2, 37
Let f(c) = -c**3 - 3*c**2 - 2*c - 1. Let y be f(-3). Suppose -y*b = -b - 8. Suppose -5*w - 4*x + 29 = 0, -w + 9 = 2*x + b*x. List the prime factors of w.
5
Let t(p) = 10 - 7*p - 12*p**2 + 24*p**2 - 13*p**2. Suppose y - 32 = 6*b - b, -3*y = b + 16. List the prime factors of t(b).
2, 5
Suppose 4 + 17 = -3*u. Let i(j) = 5*j - 4. Let m(f) = -5*f + 5. Let n(w) = 2*i(w) + 3*m(w). List the prime factors of n(u).
2, 3, 7
Let x be (-3)/(-6) - (-2)/(-4). Suppose x = 3*z - 5*l - 109, 2*z = -4*l + 93 - 13. What are the prime factors of z?
2, 19
Let j = 145 + -25. Suppose 2 + j = 2*o. List the prime factors of o.
61
Let g = -2735 - -4800. What are the prime factors of g?
5, 7, 59
Suppose 16*o = -2*o + 13338. What are the prime factors of o?
3, 13, 19
Let n be (-4 - 2)/((-9)/30). What are the prime factors of 6/n*-5 + (-402)/(-4)?
3, 11
Let o(j) = -11*j + 43. Let r(a) = 1. Let h(x) = -5*x + 18. Let m(u) = -h(u) - 3*r(u). Let d(t) = 5*m(t) + 2*o(t). List the prime factors of d(10).
11
Let h = 1913 - 201. List the prime factors of h.
2, 107
Let s be (32/(-24))/((-2)/3). Let k(g) = 8*g**3 + g**2 + 3*g - 3. List the prime factors of k(s).
71
Suppose 4*f + 311 = -5*z, 0 = -4*z + f + 59 - 312. What are the prime factors of (-27)/z - 256/(-7)?
37
Suppose -5*x = -5*s + 2005, -413 = -5*s + 4*s + 4*x. What are the prime factors of s?
397
Let t(v) be the first derivative of 2*v**2 + 19*v + 4. What are the prime factors of t(19)?
5, 19
Let i(n) = n**3 - 5*n**2 + 8*n - 5. Let k be i(6). Suppose 3*g + 4*b - k = 0, 2*g - 6*g + 103 = 3*b. List the prime factors of g.
5
Let m(k) be the second derivative of -11*k**3/6 - 3*k**2/2 - 11*k. What are the prime factors of m(-6)?
3, 7
Let l(z) = -z**2 + 22*z - 32. Let s(b) = -3*b - 11. Let j be s(-8). What are the prime factors of l(j)?
5, 17
Suppose 23*x + 25766 = 49*x. What are the prime factors of x?
991
What are the prime factors of ((-3 - -8) + 555)*3 - -1?
41
Suppose -3*r + 679 + 1310 = 0. Suppose 5*s - 2*s = r. Suppose 5*c = s - 6. List the prime factors of c.
43
What are the prime factors of 24/18 - 3970/(-6)?
3, 13, 17
Suppose 0*v + 31 = 5*v - 2*o, 2*v - 13 = o. Suppose 4*c + v*k = c - 30, k = -5*c - 28. Let x = c + 50. What are the prime factors of x?
3, 5
Let x(u) be the third derivative of -u**6/120 + 11*u**5/60 + 31*u**4/24 + u**3/2 + 3*u**2. List the prime factors of x(13).
2, 17
Let k be (-26)/(-30) + (-12)/(-90). Let v be k + 3*8/2. Suppose 9*z + 188 = v*z. List the prime factors of z.
47
Suppose -7 = -11*i + 10*i. Suppose i*h - 962 = 130. What are the prime factors of h?
2, 3, 13
Let f be (-9)/6*1*-2. Let b(g) = -f*g - g**3 + 5*g**3 + 157*g**2 - 154*g**2. List the prime factors of b(2).
2, 19
Let v(j) = -3*j + 1. Let t(u) = -13*u + 12. Let f(h) = -t(h) + 3*v(h). Suppose -4*r + 28 = -44. List the prime factors of f(r).
3, 7
Let m(p) = -p**3 - 14*p**2 + 3*p + 24. Let z be m(-15). Suppose z = 2*f - f. List the prime factors of f.
2, 3, 17
Let c(r) = -r**3 + 5*r**2 + r - 16. Let l be c(4). Suppose 23 - 143 = -l*w. What are the prime factors of w?
2, 3, 5
Suppose 21 = 3*h - 0*h + 2*m, -5*h = -5*m - 35. Suppose -h*y = 96 - 12. Let q = y + 23. List the prime factors of q.
11
Suppose -9010 = -13*j + 10*j + i, -9014 = -3*j + 2*i. What are the 